{"id":141,"date":"2023-02-09T09:39:17","date_gmt":"2023-02-09T09:39:17","guid":{"rendered":"https:\/\/mstefw-website.preview-domain.com\/?page_id=141"},"modified":"2025-04-29T17:18:21","modified_gmt":"2025-04-29T17:18:21","slug":"aero-navale","status":"publish","type":"page","link":"https:\/\/mstefw.website\/?page_id=141","title":{"rendered":"A\u00e9ronavale"},"content":{"rendered":"\n<div class=\"wp-block-columns alignwide has-background is-layout-flex wp-container-core-columns-is-layout-28f84493 wp-block-columns-is-layout-flex\" style=\"background-color:#262828\">\n<div class=\"wp-block-column is-layout-flow wp-block-column-is-layout-flow\">\n<div class=\"wp-block-columns alignwide is-layout-flex wp-container-core-columns-is-layout-28f84493 wp-block-columns-is-layout-flex\">\n<div class=\"wp-block-column is-layout-flow wp-block-column-is-layout-flow\">\n<div class=\"wp-block-columns is-layout-flex wp-container-core-columns-is-layout-28f84493 wp-block-columns-is-layout-flex\">\n<div class=\"wp-block-column is-layout-flow wp-block-column-is-layout-flow\">\n<p class=\"has-white-color has-text-color has-background\" style=\"background-color:#6e6c6c\">Je suis donc recrut\u00e9 comme pilote dans l&rsquo;A\u00e9ronavale, partie int\u00e9grante de la Marine.<\/p>\n<\/div>\n<\/div>\n\n\n\n<p class=\"has-white-color has-text-color has-background\" style=\"background-color:#6e6c6c\">Afin de nous permettre d&rsquo;avoir des \u00e9l\u00e9ments plus concrets, nous faisons quelques vols sur avion <a rel=\"noreferrer noopener\" href=\"https:\/\/mstefw.website\/wp-content\/uploads\/2023\/02\/MS880.jpg\" target=\"_blank\">MS 880<\/a>, et sur h\u00e9licopt\u00e8re <a rel=\"noreferrer noopener\" href=\"https:\/\/mstefw.website\/wp-content\/uploads\/2023\/02\/Alouette-II.jpg\" target=\"_blank\">Alouette II<\/a>.<\/p>\n\n\n\n<p class=\"has-white-color has-text-color has-background\" style=\"background-color:#6e6c6c\">D&rsquo;abord les classes \u00e0 St Rapha\u00ebl, o\u00f9 l&rsquo;on nous expose les diff\u00e9rentes missions de la Marine et les a\u00e9ronefs utilis\u00e9s.<\/p>\n<\/div>\n<\/div>\n\n\n\n<div class=\"wp-block-columns is-layout-flex wp-container-core-columns-is-layout-28f84493 wp-block-columns-is-layout-flex\">\n<div class=\"wp-block-column is-layout-flow wp-block-column-is-layout-flow\" style=\"flex-basis:66.66%\">\n<p class=\"has-white-color has-text-color has-background\" style=\"background-color:#6e6c6c\">Puis c&rsquo;est le d\u00e9part vers Clermont-Ferrand o\u00f9 nous faisons un stage d&rsquo;initiation sur <a href=\"https:\/\/mstefw.website\/wp-content\/uploads\/2023\/02\/cap10.jpg\" target=\"_blank\" rel=\"noreferrer noopener\">Cap 10<\/a>. (C&rsquo;est \u00e0 l&rsquo;occasion de ce stage que je vais faire, tout \u00e0 fait par hasard, la connaissance de celle qui m&rsquo;accompagnera pendant 40 ans et sera la Maman de nos filles!).<\/p>\n<\/div>\n\n\n\n<div class=\"wp-block-column is-layout-flow wp-block-column-is-layout-flow\" style=\"flex-basis:33.33%\">\n<figure class=\"wp-block-image size-large is-resized\"><a href=\"https:\/\/mstefw.website\/wp-content\/uploads\/2023\/02\/cap10.jpg\"><img loading=\"lazy\" decoding=\"async\" width=\"1024\" height=\"665\" src=\"https:\/\/mstefw.website\/wp-content\/uploads\/2023\/02\/cap10-1024x665.jpg\" alt=\"\" class=\"wp-image-420\" style=\"width:192px;height:125px\" srcset=\"https:\/\/mstefw.website\/wp-content\/uploads\/2023\/02\/cap10-1024x665.jpg 1024w, https:\/\/mstefw.website\/wp-content\/uploads\/2023\/02\/cap10-300x195.jpg 300w, https:\/\/mstefw.website\/wp-content\/uploads\/2023\/02\/cap10-768x498.jpg 768w, https:\/\/mstefw.website\/wp-content\/uploads\/2023\/02\/cap10-1536x997.jpg 1536w, https:\/\/mstefw.website\/wp-content\/uploads\/2023\/02\/cap10-1200x779.jpg 1200w, https:\/\/mstefw.website\/wp-content\/uploads\/2023\/02\/cap10-1980x1285.jpg 1980w, https:\/\/mstefw.website\/wp-content\/uploads\/2023\/02\/cap10.jpg 2000w\" sizes=\"auto, (max-width: 1024px) 100vw, 1024px\" \/><\/a><\/figure>\n\n\n\n<p class=\"has-white-color has-text-color\"><a href=\"https:\/\/mstefw.website\/wp-content\/uploads\/2023\/02\/cap10.jpg\" target=\"_blank\" rel=\"noreferrer noopener\">Cap 10<\/a><\/p>\n<\/div>\n<\/div>\n<\/div>\n<\/div>\n\n\n\n<div class=\"wp-block-columns alignwide has-background is-layout-flex wp-container-core-columns-is-layout-28f84493 wp-block-columns-is-layout-flex\" style=\"background-color:#262828\">\n<div class=\"wp-block-column is-layout-flow wp-block-column-is-layout-flow\">\n<figure class=\"wp-block-image size-large\"><a href=\"https:\/\/mstefw.website\/wp-content\/uploads\/2023\/02\/fougavol.jpg\"><img loading=\"lazy\" decoding=\"async\" width=\"1024\" height=\"640\" src=\"https:\/\/mstefw.website\/wp-content\/uploads\/2023\/02\/JAV20120123134448-1024x640.jpg\" alt=\"\" class=\"wp-image-178\" srcset=\"https:\/\/mstefw.website\/wp-content\/uploads\/2023\/02\/JAV20120123134448-1024x640.jpg 1024w, https:\/\/mstefw.website\/wp-content\/uploads\/2023\/02\/JAV20120123134448-300x188.jpg 300w, https:\/\/mstefw.website\/wp-content\/uploads\/2023\/02\/JAV20120123134448-768x480.jpg 768w, https:\/\/mstefw.website\/wp-content\/uploads\/2023\/02\/JAV20120123134448-1536x960.jpg 1536w, https:\/\/mstefw.website\/wp-content\/uploads\/2023\/02\/JAV20120123134448-1200x750.jpg 1200w, https:\/\/mstefw.website\/wp-content\/uploads\/2023\/02\/JAV20120123134448-1980x1238.jpg 1980w, https:\/\/mstefw.website\/wp-content\/uploads\/2023\/02\/JAV20120123134448.jpg 2000w\" sizes=\"auto, (max-width: 1024px) 100vw, 1024px\" \/><\/a><\/figure>\n\n\n\n<p class=\"has-white-color has-text-color\"><a href=\"https:\/\/mstefw.website\/wp-content\/uploads\/2023\/03\/16038805307_a86fe76ee0_b.jpg\" target=\"_blank\" rel=\"noreferrer noopener\">Le Fouga-Magister<\/a><\/p>\n<\/div>\n\n\n\n<div class=\"wp-block-column has-background is-layout-flow wp-block-column-is-layout-flow\" style=\"background-color:#262828\">\n<div class=\"wp-block-columns is-layout-flex wp-container-core-columns-is-layout-28f84493 wp-block-columns-is-layout-flex\">\n<div class=\"wp-block-column has-background is-layout-flow wp-block-column-is-layout-flow\" style=\"background-color:#262828\">\n<p class=\"has-white-color has-text-color has-background\" style=\"background-color:#6e6c6c\"> Apr\u00e8s un mois de stage \u00e0 Clermont-Ferrand c&rsquo;est le d\u00e9part pour un nouveau stage, \u00e0 Cognac, et qui va durer un an. C&rsquo;est vraiment l&rsquo;entr\u00e9e dans le travail professionnel. Je retrouve avec plaisir le <a rel=\"noreferrer noopener\" href=\"https:\/\/mstefw.website\/wp-content\/uploads\/2023\/03\/Fouga-Magister_SDASM.jpg\" target=\"_blank\">Fouga-Magister<\/a>.   <\/p>\n<\/div>\n<\/div>\n\n\n\n<figure class=\"wp-block-image alignright size-large\"><a href=\"https:\/\/mstefw.website\/wp-content\/uploads\/2025\/04\/Depart-vol-8-scaled.jpg\" target=\"_blank\" rel=\" noreferrer noopener\"><img loading=\"lazy\" decoding=\"async\" width=\"1024\" height=\"743\" src=\"https:\/\/mstefw.website\/wp-content\/uploads\/2023\/03\/fougasol-1024x743.jpg\" alt=\"\" class=\"wp-image-859\" srcset=\"https:\/\/mstefw.website\/wp-content\/uploads\/2023\/03\/fougasol-1024x743.jpg 1024w, https:\/\/mstefw.website\/wp-content\/uploads\/2023\/03\/fougasol-300x218.jpg 300w, https:\/\/mstefw.website\/wp-content\/uploads\/2023\/03\/fougasol-768x558.jpg 768w, https:\/\/mstefw.website\/wp-content\/uploads\/2023\/03\/fougasol-1536x1115.jpg 1536w, https:\/\/mstefw.website\/wp-content\/uploads\/2023\/03\/fougasol-1200x871.jpg 1200w, https:\/\/mstefw.website\/wp-content\/uploads\/2023\/03\/fougasol-1980x1437.jpg 1980w, https:\/\/mstefw.website\/wp-content\/uploads\/2023\/03\/fougasol.jpg 2000w\" sizes=\"auto, (max-width: 1024px) 100vw, 1024px\" \/><\/a><\/figure>\n<\/div>\n<\/div>\n\n\n\n<div class=\"wp-block-columns alignwide has-background is-layout-flex wp-container-core-columns-is-layout-28f84493 wp-block-columns-is-layout-flex\" style=\"background-color:#262828\">\n<div class=\"wp-block-column is-layout-flow wp-block-column-is-layout-flow\" style=\"flex-basis:700px\">\n<div class=\"wp-block-columns has-background is-layout-flex wp-container-core-columns-is-layout-28f84493 wp-block-columns-is-layout-flex\" style=\"background-color:#262828\">\n<div class=\"wp-block-column is-layout-flow wp-block-column-is-layout-flow\">\n<p class=\"has-white-color has-text-color has-background\" style=\"background-color:#6e6c6c\">Et voici qu\u2019arrive le dernier stage, qui lui se d\u00e9roule dans le cadre de l\u2019A\u00e9ronavale, contrairement aux pr\u00e9c\u00e9dents qui se faisaient dans l\u2019Arm\u00e9e de l\u2019air.<\/p>\n\n\n\n<p class=\"has-white-color has-text-color has-background\" style=\"background-color:#6e6c6c\">C\u2019est la sp\u00e9cialisation sur avions multimoteurs, qui se fait \u00e0 Ajaccio sur <a href=\"https:\/\/mstefw.website\/wp-content\/uploads\/2023\/02\/museedelair-nord-262-03.jpg\" target=\"_blank\" rel=\"noreferrer noopener\">Nord 262<\/a>.<\/p>\n<\/div>\n<\/div>\n\n\n\n<figure class=\"wp-block-image size-large\"><a href=\"https:\/\/mstefw.website\/wp-content\/uploads\/2023\/03\/photo16.jpg\"><img loading=\"lazy\" decoding=\"async\" width=\"1024\" height=\"682\" src=\"https:\/\/mstefw.website\/wp-content\/uploads\/2023\/02\/museedelair-nord-262-03-1024x682.jpg\" alt=\"\" class=\"wp-image-177\" srcset=\"https:\/\/mstefw.website\/wp-content\/uploads\/2023\/02\/museedelair-nord-262-03-1024x682.jpg 1024w, https:\/\/mstefw.website\/wp-content\/uploads\/2023\/02\/museedelair-nord-262-03-300x200.jpg 300w, https:\/\/mstefw.website\/wp-content\/uploads\/2023\/02\/museedelair-nord-262-03-768x512.jpg 768w, https:\/\/mstefw.website\/wp-content\/uploads\/2023\/02\/museedelair-nord-262-03-1536x1024.jpg 1536w, https:\/\/mstefw.website\/wp-content\/uploads\/2023\/02\/museedelair-nord-262-03-1200x800.jpg 1200w, https:\/\/mstefw.website\/wp-content\/uploads\/2023\/02\/museedelair-nord-262-03-1980x1320.jpg 1980w, https:\/\/mstefw.website\/wp-content\/uploads\/2023\/02\/museedelair-nord-262-03.jpg 2000w\" sizes=\"auto, (max-width: 1024px) 100vw, 1024px\" \/><\/a><\/figure>\n\n\n\n<p class=\"has-white-color has-text-color\"><a href=\"https:\/\/mstefw.website\/wp-content\/uploads\/2023\/03\/N262_2008_28F-72-.jpg\" target=\"_blank\" rel=\"noreferrer noopener\">Le Nord 262<\/a><\/p>\n<\/div>\n\n\n\n<div class=\"wp-block-column is-layout-flow wp-block-column-is-layout-flow\">\n<div class=\"wp-block-columns is-layout-flex wp-container-core-columns-is-layout-28f84493 wp-block-columns-is-layout-flex\">\n<div class=\"wp-block-column is-layout-flow wp-block-column-is-layout-flow\">\n<div class=\"wp-block-columns is-not-stacked-on-mobile is-layout-flex wp-container-core-columns-is-layout-28f84493 wp-block-columns-is-layout-flex\">\n<div class=\"wp-block-column is-vertically-aligned-bottom is-layout-flow wp-block-column-is-layout-flow\" style=\"flex-basis:100%\">\n<figure class=\"wp-block-image alignright size-large is-resized\"><a href=\"https:\/\/mstefw.website\/wp-content\/uploads\/2023\/02\/tbbn262.jpg\"><img loading=\"lazy\" decoding=\"async\" width=\"1024\" height=\"748\" src=\"https:\/\/mstefw.website\/wp-content\/uploads\/2023\/02\/tbbn262-1024x748.jpg\" alt=\"\" class=\"wp-image-450\" style=\"width:325px;height:237px\" srcset=\"https:\/\/mstefw.website\/wp-content\/uploads\/2023\/02\/tbbn262-1024x748.jpg 1024w, https:\/\/mstefw.website\/wp-content\/uploads\/2023\/02\/tbbn262-300x219.jpg 300w, https:\/\/mstefw.website\/wp-content\/uploads\/2023\/02\/tbbn262-768x561.jpg 768w, https:\/\/mstefw.website\/wp-content\/uploads\/2023\/02\/tbbn262-1536x1121.jpg 1536w, https:\/\/mstefw.website\/wp-content\/uploads\/2023\/02\/tbbn262-1200x876.jpg 1200w, https:\/\/mstefw.website\/wp-content\/uploads\/2023\/02\/tbbn262-1980x1445.jpg 1980w, https:\/\/mstefw.website\/wp-content\/uploads\/2023\/02\/tbbn262.jpg 2000w\" sizes=\"auto, (max-width: 1024px) 100vw, 1024px\" \/><\/a><\/figure>\n<\/div>\n<\/div>\n<\/div>\n<\/div>\n\n\n\n<div class=\"wp-block-columns is-layout-flex wp-container-core-columns-is-layout-28f84493 wp-block-columns-is-layout-flex\">\n<div class=\"wp-block-column is-vertically-aligned-center is-layout-flow wp-block-column-is-layout-flow\" style=\"flex-basis:30px\"><\/div>\n<\/div>\n<\/div>\n<\/div>\n\n\n\n<div class=\"wp-block-columns alignwide has-background is-layout-flex wp-container-core-columns-is-layout-28f84493 wp-block-columns-is-layout-flex\" style=\"background-color:#262828\">\n<div class=\"wp-block-column has-background is-layout-flow wp-block-column-is-layout-flow\" style=\"background-color:#262828\">\n<div class=\"wp-block-columns is-layout-flex wp-container-core-columns-is-layout-28f84493 wp-block-columns-is-layout-flex\">\n<div class=\"wp-block-column is-layout-flow wp-block-column-is-layout-flow\">\n<div class=\"wp-block-columns are-vertically-aligned-top has-background is-layout-flex wp-container-core-columns-is-layout-28f84493 wp-block-columns-is-layout-flex\" style=\"background-color:#262828\">\n<div class=\"wp-block-column is-vertically-aligned-top is-layout-flow wp-block-column-is-layout-flow\">\n<p class=\"has-white-color has-text-color has-background has-normal-font-size\" style=\"background-color:#6e6c6c\">Ca y est! Je suis \u00ab\u00a0macaronn\u00e9\u00a0\u00bb; j&rsquo;ai mon brevet de pilote  en poche.<\/p>\n\n\n\n<p class=\"has-white-color has-text-color has-background has-normal-font-size\" style=\"background-color:#6e6c6c\">Je suis maintenant affect\u00e9 dans une flotille de patrouille maritime, sur <a href=\"https:\/\/mstefw.website\/wp-content\/uploads\/2023\/02\/Breguet_1150_Atlantic_France_-_Navy_AN1221336.jpg\" target=\"_blank\" rel=\"noreferrer noopener\">Br\u00e9guet Atlantic Mk1<\/a>.<\/p>\n\n\n\n<p class=\"has-white-color has-text-color has-background has-normal-font-size\" style=\"background-color:#6e6c6c\">Durant 8 ann\u00e9es pass\u00e9es sur cet avion, v\u00e9ritable couteau suisse de la Marine, j&rsquo;ai pu faire des missions aussi nombreuses que vari\u00e9es; missions militaires bien s\u00fbr mais aussi des missions de service publique comme la surveillance anti-pollution (d\u00e9j\u00e0 \u00e0 l&rsquo;\u00e9poque), du sauvetage en mer, la surveillance des p\u00eaches,&#8230;<\/p>\n<\/div>\n<\/div>\n<\/div>\n<\/div>\n<\/div>\n\n\n\n<div class=\"wp-block-column is-layout-flow wp-block-column-is-layout-flow\">\n<figure class=\"wp-block-image size-large\"><a href=\"https:\/\/mstefw.website\/wp-content\/uploads\/2023\/02\/Breguet-en-patrouille-1024x604-1.jpg\"><img loading=\"lazy\" decoding=\"async\" width=\"1024\" height=\"677\" src=\"https:\/\/mstefw.website\/wp-content\/uploads\/2023\/02\/atlsol-1024x677.jpg\" alt=\"\" class=\"wp-image-481\" srcset=\"https:\/\/mstefw.website\/wp-content\/uploads\/2023\/02\/atlsol-1024x677.jpg 1024w, https:\/\/mstefw.website\/wp-content\/uploads\/2023\/02\/atlsol-300x198.jpg 300w, https:\/\/mstefw.website\/wp-content\/uploads\/2023\/02\/atlsol-768x508.jpg 768w, https:\/\/mstefw.website\/wp-content\/uploads\/2023\/02\/atlsol-1536x1016.jpg 1536w, https:\/\/mstefw.website\/wp-content\/uploads\/2023\/02\/atlsol-1200x794.jpg 1200w, https:\/\/mstefw.website\/wp-content\/uploads\/2023\/02\/atlsol-1980x1310.jpg 1980w, https:\/\/mstefw.website\/wp-content\/uploads\/2023\/02\/atlsol.jpg 2000w\" sizes=\"auto, (max-width: 1024px) 100vw, 1024px\" \/><\/a><\/figure>\n\n\n\n<p class=\"has-white-color has-text-color\"><a rel=\"noreferrer noopener\" href=\"https:\/\/mstefw.website\/wp-content\/uploads\/2023\/02\/atlanticsol2.jpg\" target=\"_blank\">Le Br\u00e9guet Atlantic<\/a><\/p>\n<\/div>\n<\/div>\n\n\n\n<div class=\"wp-block-columns alignwide has-background is-layout-flex wp-container-core-columns-is-layout-28f84493 wp-block-columns-is-layout-flex\" style=\"background-color:#262828\">\n<div class=\"wp-block-column is-layout-flow wp-block-column-is-layout-flow\">\n<div class=\"wp-block-columns is-layout-flex wp-container-core-columns-is-layout-28f84493 wp-block-columns-is-layout-flex\">\n<div class=\"wp-block-column has-background is-layout-flow wp-block-column-is-layout-flow\" style=\"background-color:#262828\">\n<div class=\"wp-block-columns is-layout-flex wp-container-core-columns-is-layout-28f84493 wp-block-columns-is-layout-flex\">\n<div class=\"wp-block-column is-layout-flow wp-block-column-is-layout-flow\">\n<div class=\"wp-block-columns are-vertically-aligned-top has-background is-layout-flex wp-container-core-columns-is-layout-28f84493 wp-block-columns-is-layout-flex\" style=\"background-color:#262828\">\n<div class=\"wp-block-column is-vertically-aligned-top is-layout-flow wp-block-column-is-layout-flow\">\n<p class=\"has-white-color has-text-color has-background has-normal-font-size\" style=\"background-color:#6e6c6c\">J\u2019ai particip\u00e9 aux recherches concernant Alain Colas (nous sommes les derniers avec mon \u00e9quipage \u00e0 l\u2019avoir vu vivant puisque nous l\u2019avons survol\u00e9 48h avant qu\u2019il ne disparaisse)<\/p>\n\n\n\n<p class=\"has-white-color has-text-color has-background has-normal-font-size\" style=\"background-color:#6e6c6c\">Je pense aussi au voyage au P\u00f4le Nord via l\u2019Islande, le Gro\u00ebnland, Thul\u00e9\u2026<\/p>\n<\/div>\n<\/div>\n<\/div>\n<\/div>\n<\/div>\n<\/div>\n<\/div>\n\n\n\n<div class=\"wp-block-column is-vertically-aligned-center is-layout-flow wp-block-column-is-layout-flow\">\n<figure class=\"wp-block-image aligncenter size-medium\"><a href=\"https:\/\/mstefw.website\/wp-content\/uploads\/2023\/02\/800px-Cockpit_Breguet_Atlantic_6112_Flugwelt_Altenburg-Nobitz.jpg\"><img loading=\"lazy\" decoding=\"async\" width=\"300\" height=\"200\" src=\"https:\/\/mstefw.website\/wp-content\/uploads\/2023\/02\/800px-Cockpit_Breguet_Atlantic_6112_Flugwelt_Altenburg-Nobitz-300x200.jpg\" alt=\"\" class=\"wp-image-574\" srcset=\"https:\/\/mstefw.website\/wp-content\/uploads\/2023\/02\/800px-Cockpit_Breguet_Atlantic_6112_Flugwelt_Altenburg-Nobitz-300x200.jpg 300w, https:\/\/mstefw.website\/wp-content\/uploads\/2023\/02\/800px-Cockpit_Breguet_Atlantic_6112_Flugwelt_Altenburg-Nobitz-1024x682.jpg 1024w, https:\/\/mstefw.website\/wp-content\/uploads\/2023\/02\/800px-Cockpit_Breguet_Atlantic_6112_Flugwelt_Altenburg-Nobitz-768x512.jpg 768w, https:\/\/mstefw.website\/wp-content\/uploads\/2023\/02\/800px-Cockpit_Breguet_Atlantic_6112_Flugwelt_Altenburg-Nobitz-1536x1024.jpg 1536w, https:\/\/mstefw.website\/wp-content\/uploads\/2023\/02\/800px-Cockpit_Breguet_Atlantic_6112_Flugwelt_Altenburg-Nobitz-1200x800.jpg 1200w, https:\/\/mstefw.website\/wp-content\/uploads\/2023\/02\/800px-Cockpit_Breguet_Atlantic_6112_Flugwelt_Altenburg-Nobitz-1980x1320.jpg 1980w, https:\/\/mstefw.website\/wp-content\/uploads\/2023\/02\/800px-Cockpit_Breguet_Atlantic_6112_Flugwelt_Altenburg-Nobitz.jpg 2000w\" sizes=\"auto, (max-width: 300px) 100vw, 300px\" \/><\/a><\/figure>\n<\/div>\n<\/div>\n\n\n\n<div class=\"wp-block-columns alignwide has-background is-layout-flex wp-container-core-columns-is-layout-28f84493 wp-block-columns-is-layout-flex\" style=\"background-color:#262828\">\n<div class=\"wp-block-column is-layout-flow wp-block-column-is-layout-flow\">\n<div class=\"wp-block-columns is-layout-flex wp-container-core-columns-is-layout-28f84493 wp-block-columns-is-layout-flex\">\n<div class=\"wp-block-column is-layout-flow wp-block-column-is-layout-flow\">\n<figure class=\"wp-block-image size-large\"><a href=\"https:\/\/mstefw.website\/wp-content\/uploads\/2023\/02\/Breguet_1150_Atlantic_France_-_Navy_AN1221336.jpg\"><img loading=\"lazy\" decoding=\"async\" width=\"1024\" height=\"678\" src=\"https:\/\/mstefw.website\/wp-content\/uploads\/2023\/02\/Breguet_1150_Atlantic_France_-_Navy_AN1221336-1024x678.jpg\" alt=\"\" class=\"wp-image-169\" srcset=\"https:\/\/mstefw.website\/wp-content\/uploads\/2023\/02\/Breguet_1150_Atlantic_France_-_Navy_AN1221336-1024x678.jpg 1024w, https:\/\/mstefw.website\/wp-content\/uploads\/2023\/02\/Breguet_1150_Atlantic_France_-_Navy_AN1221336-300x199.jpg 300w, https:\/\/mstefw.website\/wp-content\/uploads\/2023\/02\/Breguet_1150_Atlantic_France_-_Navy_AN1221336-768x508.jpg 768w, https:\/\/mstefw.website\/wp-content\/uploads\/2023\/02\/Breguet_1150_Atlantic_France_-_Navy_AN1221336-1536x1017.jpg 1536w, https:\/\/mstefw.website\/wp-content\/uploads\/2023\/02\/Breguet_1150_Atlantic_France_-_Navy_AN1221336-1200x794.jpg 1200w, https:\/\/mstefw.website\/wp-content\/uploads\/2023\/02\/Breguet_1150_Atlantic_France_-_Navy_AN1221336-1980x1311.jpg 1980w, https:\/\/mstefw.website\/wp-content\/uploads\/2023\/02\/Breguet_1150_Atlantic_France_-_Navy_AN1221336.jpg 2000w\" sizes=\"auto, (max-width: 1024px) 100vw, 1024px\" \/><\/a><\/figure>\n\n\n\n<p class=\"has-white-color has-text-color\"><a href=\"https:\/\/mstefw.website\/wp-content\/uploads\/2023\/03\/07-breguet-br-1150-atlantic-61-museeairespace.jpg\" target=\"_blank\" rel=\"noreferrer noopener\">Le Br\u00e9guet Atlantic Mk1<\/a><\/p>\n<\/div>\n<\/div>\n<\/div>\n<\/div>\n\n\n\n<div class=\"wp-block-columns alignwide has-background is-layout-flex wp-container-core-columns-is-layout-28f84493 wp-block-columns-is-layout-flex\" style=\"background-color:#262828\">\n<div class=\"wp-block-column has-background is-layout-flow wp-block-column-is-layout-flow\" style=\"background-color:#262828;flex-basis:66.66%\">\n<div class=\"wp-block-columns are-vertically-aligned-top has-background is-layout-flex wp-container-core-columns-is-layout-28f84493 wp-block-columns-is-layout-flex\" style=\"background-color:#262828\">\n<div class=\"wp-block-column is-vertically-aligned-top is-layout-flow wp-block-column-is-layout-flow\">\n<p class=\"has-white-color has-text-color has-background\" style=\"background-color:#6e6c6c\">Apr\u00e8s 8 ans pass\u00e9es sur <a rel=\"noreferrer noopener\" href=\"https:\/\/mstefw.website\/wp-content\/uploads\/2023\/02\/Breguet_1150_Atlantic_France_-_Navy_AN1221336.jpg\" target=\"_blank\">Atlantic<\/a> (2 affectations), je suis affect\u00e9 pour 4 ans comme instructeur \u00e0 l&rsquo;escadrille de sp\u00e9cialisation multimoteurs sur <a href=\"https:\/\/mstefw.website\/wp-content\/uploads\/2023\/02\/xinguvol.jpg\" target=\"_blank\" rel=\"noreferrer noopener\">Embraer Xingu<\/a>.<\/p>\n\n\n\n<p class=\"has-white-color has-text-color has-background\" style=\"background-color:#6e6c6c\">Mais ma p\u00e9riode militaire touche \u00e0 sa fin.<\/p>\n<\/div>\n<\/div>\n<\/div>\n\n\n\n<div class=\"wp-block-column is-layout-flow wp-block-column-is-layout-flow\" style=\"flex-basis:33.33%\">\n<figure class=\"wp-block-image size-large\"><a href=\"https:\/\/mstefw.website\/wp-content\/uploads\/2023\/02\/xinguvol.jpg\"><img loading=\"lazy\" decoding=\"async\" width=\"1024\" height=\"677\" src=\"https:\/\/mstefw.website\/wp-content\/uploads\/2023\/03\/xingusol-1024x677.jpg\" alt=\"\" class=\"wp-image-860\" srcset=\"https:\/\/mstefw.website\/wp-content\/uploads\/2023\/03\/xingusol-1024x677.jpg 1024w, https:\/\/mstefw.website\/wp-content\/uploads\/2023\/03\/xingusol-300x198.jpg 300w, https:\/\/mstefw.website\/wp-content\/uploads\/2023\/03\/xingusol-768x508.jpg 768w, https:\/\/mstefw.website\/wp-content\/uploads\/2023\/03\/xingusol-1536x1016.jpg 1536w, https:\/\/mstefw.website\/wp-content\/uploads\/2023\/03\/xingusol-1200x794.jpg 1200w, https:\/\/mstefw.website\/wp-content\/uploads\/2023\/03\/xingusol-1980x1310.jpg 1980w, https:\/\/mstefw.website\/wp-content\/uploads\/2023\/03\/xingusol.jpg 2000w\" sizes=\"auto, (max-width: 1024px) 100vw, 1024px\" \/><\/a><\/figure>\n\n\n\n<p class=\"has-white-color has-text-color\"><a href=\"https:\/\/mstefw.website\/wp-content\/uploads\/2023\/02\/xinguvol.jpg\" target=\"_blank\" rel=\"noreferrer noopener\">Le Xingu<\/a><\/p>\n<\/div>\n<\/div>\n\n\n\n<div class=\"wp-block-columns alignwide has-background is-layout-flex wp-container-core-columns-is-layout-28f84493 wp-block-columns-is-layout-flex\" style=\"background-color:#262828\">\n<div class=\"wp-block-column has-background is-layout-flow wp-block-column-is-layout-flow\" style=\"background-color:#262828\">\n<p class=\"has-text-align-center has-text-color has-background\" style=\"color:#2da2ea;background-color:#6e6c6c\"><a href=\"https:\/\/mstefw.website\/?page_id=143\">L&rsquo;Aviation Civile<\/a> <\/p>\n<\/div>\n<\/div>\n\n\n\n<div class=\"wp-block-columns alignwide is-layout-flex wp-container-core-columns-is-layout-28f84493 wp-block-columns-is-layout-flex\">\n<div class=\"wp-block-column is-layout-flow wp-block-column-is-layout-flow\"><\/div>\n<\/div>\n","protected":false},"excerpt":{"rendered":"<p>Je suis donc recrut\u00e9 comme pilote dans l&rsquo;A\u00e9ronavale, partie int\u00e9grante de la Marine. Afin de nous permettre d&rsquo;avoir des \u00e9l\u00e9ments plus concrets, nous faisons quelques vols sur avion MS 880, et sur h\u00e9licopt\u00e8re Alouette II. D&rsquo;abord les classes \u00e0 St Rapha\u00ebl, o\u00f9 l&rsquo;on nous expose les diff\u00e9rentes missions de la Marine et les a\u00e9ronefs utilis\u00e9s. [&hellip;]<\/p>\n","protected":false},"author":1,"featured_media":0,"parent":0,"menu_order":0,"comment_status":"closed","ping_status":"closed","template":"","meta":{"footnotes":""},"class_list":["post-141","page","type-page","status-publish","hentry"],"_links":{"self":[{"href":"https:\/\/mstefw.website\/index.php?rest_route=\/wp\/v2\/pages\/141","targetHints":{"allow":["GET"]}}],"collection":[{"href":"https:\/\/mstefw.website\/index.php?rest_route=\/wp\/v2\/pages"}],"about":[{"href":"https:\/\/mstefw.website\/index.php?rest_route=\/wp\/v2\/types\/page"}],"author":[{"embeddable":true,"href":"https:\/\/mstefw.website\/index.php?rest_route=\/wp\/v2\/users\/1"}],"replies":[{"embeddable":true,"href":"https:\/\/mstefw.website\/index.php?rest_route=%2Fwp%2Fv2%2Fcomments&post=141"}],"version-history":[{"count":4,"href":"https:\/\/mstefw.website\/index.php?rest_route=\/wp\/v2\/pages\/141\/revisions"}],"predecessor-version":[{"id":1335,"href":"https:\/\/mstefw.website\/index.php?rest_route=\/wp\/v2\/pages\/141\/revisions\/1335"}],"wp:attachment":[{"href":"https:\/\/mstefw.website\/index.php?rest_route=%2Fwp%2Fv2%2Fmedia&parent=141"}],"curies":[{"name":"wp","href":"https:\/\/api.w.org\/{rel}","templated":true}]}}